et d(p) = -p + 105. Let a be d(0). Calculate the greatest common factor of 21 and a.
21
Suppose -k + 0*k + c = -5, -5*k = -4*c - 28. Let z be ((-168)/9)/((-3)/9). What is the greatest common factor of z and k?
8
Let g(i) = -i + 11. Let x be g(8). Suppose -5*j - 5*n + 70 = 0, -x*j - j + 4*n = -32. What is the greatest common factor of 99 and j?
11
Let g(c) = c**3 + 10*c**2 - 11*c - 7. Let l be g(-11). Let q(x) = -6*x - 9. Let d be q(l). Let j = 46 - d. What is the greatest common divisor of 143 and j?
13
Suppose 4*r - 5*q - 458 = 0, 451 + 126 = 5*r - 4*q. What is the highest common divisor of 26 and r?
13
Suppose -4*q = u - 38 - 110, -4*u + 4*q = -572. Let f = 526 + -508. What is the highest common factor of f and u?
18
Suppose -2*g - 2*g = -8, 0 = -2*z - g + 234. What is the highest common divisor of z and 29?
29
Let h = 16 + -7. Suppose 171 = 10*l - h*l. Calculate the highest common factor of l and 19.
19
Suppose -2*h = h - 18. Suppose -h*k = -2*k - 100. What is the greatest common factor of k and 50?
25
Let f = -3 + 4. Let b = 0 + f. Suppose -4*h - 3 + 23 = 0. Calculate the highest common divisor of h and b.
1
Suppose 3*i + 4 = 5*i. Suppose i*c - 8 = 22. Calculate the greatest common factor of 30 and c.
15
Let o be (15/(-6))/((-4)/24). Calculate the greatest common divisor of 120 and o.
15
Suppose -2*y + 0*f - 2*f + 6 = 0, 0 = 2*f + 4. What is the greatest common factor of y and 1?
1
Suppose -4*y - 31 + 103 = 4*q, -4*y + 71 = 3*q. Let l(s) = -s**3 + 9*s**2 + s + 8. Let p be l(9). What is the greatest common divisor of y and p?
17
Let f be 2/(-8) - (-1083)/12. Suppose -3*i = -i - f. Let k = -2 + 11. Calculate the greatest common divisor of i and k.
9
Suppose 0 = -5*l + i + 265, -3*i = 4*l - 7*i - 212. Suppose -2*m = -3 - l. Let j(q) = -q + 7. Let v be j(0). What is the greatest common divisor of v and m?
7
Let x = 19 + -11. Calculate the highest common factor of x and 32.
8
Let i = 47 - 34. Calculate the highest common factor of i and 13.
13
Suppose -4*k + 3*u = 12, -u + 4*u = -k - 3. Let y be 8/(-12) + (-56)/k. What is the greatest common divisor of 6 and y?
6
Let u = 96 - 21. Suppose -t + 3*j = -27, 0 = -2*j - 2*j + 4. Calculate the highest common factor of u and t.
15
Suppose -40 = -3*x - 7. Let r = -5 + x. Calculate the highest common factor of 18 and r.
6
Let z(y) = 16*y + 3. Let q be z(-7). Let k = -53 - q. Calculate the greatest common divisor of 14 and k.
14
Suppose -3*f = -5*f + 4. Suppose -v + 3*m + 9 = 0, -4*v - m + 58 = -f*m. Calculate the greatest common divisor of v and 15.
15
Let k(t) = t + 3. Let o be k(-3). Suppose -2*q + o*q + 72 = 0. Let a = q - -36. What is the greatest common divisor of a and 8?
8
Let q = 184 + -126. What is the greatest common factor of 116 and q?
58
Suppose 0 = 4*x - 5 - 3. Suppose -w = -2 - 3. What is the greatest common factor of w and x?
1
Let j(b) = 13*b - 16. Let l be j(4). What is the greatest common divisor of l and 108?
36
Let g be 12/36 - 38/6. Let f be (-1788)/(-33) + g/33. What is the greatest common divisor of f and 135?
27
Suppose 10*y - 92 - 28 = 0. What is the greatest common divisor of y and 204?
12
Suppose n - 48 = 3*n. Let f be n/(-9) + (-4)/6. Let u(x) = 5*x**2 + 3*x - 2. Let s be u(f). Calculate the greatest common factor of s and 36.
12
Let s = 51 + -43. Let m be (1 - 0)/((-2)/(-2)). What is the highest common divisor of m and s?
1
Suppose 2*i + 3*z = 4, 6*z - z - 2 = -i. Calculate the greatest common factor of i and 6.
2
Let g be 2/4*(0 + 6). Suppose g = -y + 8. What is the greatest common factor of 45 and y?
5
Let w(v) = -2*v + 80. Let b be w(0). Suppose -11*x - b = -12*x. What is the highest common divisor of x and 10?
10
Suppose 8 = -2*u - 2. Let j(t) = -t**2 - 6*t + 4. Let r be j(u). Calculate the highest common divisor of 27 and r.
9
Suppose 4*y - 9 = y. Suppose g + y*g = 112. What is the highest common divisor of g and 42?
14
Suppose -2*j = -8 - 4. Let m be (0 - 2)*(-6 + 0). Calculate the highest common factor of m and j.
6
Suppose 0 = 5*j + 2*z + 14, 4*j + 0*z = 3*z - 2. Let p be 0 - 21*(j - 1). What is the greatest common divisor of p and 21?
21
Let k be 1/(3/3) - 0. What is the highest common factor of 9 and k?
1
Let r be 3*(-1 - 15/(-9)). Suppose r*f + 3 = 1. Let c be (1/2)/(f/(-154)). What is the highest common divisor of 7 and c?
7
Let d be (-1)/2 - 42/(-4). Suppose -c + 4 = x - 2*x, 5*c + 3*x - 28 = 0. Calculate the highest common divisor of c and d.
5
Let z(i) = 11*i**2 + 2*i + 1. Let w be z(-1). Calculate the highest common factor of w and 30.
10
Suppose 6 = 5*g - 74. Calculate the highest common factor of 128 and g.
16
Suppose 0 = 4*j + 2*g - 10, 27 - 7 = j - 3*g. Suppose -4*b + j*q + 14 = 0, 4*b - 22 = 2*q - q. What is the highest common factor of b and 2?
2
Let z(l) = 2*l + 4. Let a be z(4). Calculate the greatest common factor of a and 36.
12
Suppose -4*r + 4 = 4*b, -r + 6 = 4*b + 17. Suppose r*n - 88 = -8. What is the highest common factor of n and 64?
16
Suppose -j = 5*h - 27 + 2, 2*j - 4*h = -6. Suppose -5*i + 3*n - 19 = -i, -j*i + 2*n = 29. Let t = i - -8. What is the greatest common factor of 9 and t?
1
Let z(a) = 4*a**2 + a - 1. Let d be (-17)/5 + (-10)/(-25). Let p = 0 + d. Let n be z(p). What is the highest common divisor of n and 48?
16
Suppose 9 = 2*d - 3. Suppose -2*j + 15 = b, -2*b + 3*j + 2 = -0*b. Let k be b + 1 + 1 + -3. Calculate the highest common factor of k and d.
6
Let h = 14 - 5. Suppose t = 6*t - 180. What is the highest common factor of h and t?
9
Let h = 9 + -5. Suppose 3*v = -14 + 68. Suppose -v = -5*y + 142. Calculate the greatest common divisor of y and h.
4
Suppose 4*g + 5*f = 386, -2*g + 202 = f - 3*f. Calculate the greatest common factor of 9 and g.
9
Let i be (8/(-6))/(1/(-24)). Let n(f) = -6*f - 40. Let l be n(-8). What is the highest common divisor of l and i?
8
Let n(s) = 3*s - 4. Suppose -3*h = -5*h + 8. Let w be n(h). Let v be (-2)/10 - (-2 + 3/(-15)). What is the highest common divisor of v and w?
2
Suppose 0 = -4*m - 12, -3*m + 2*m = -z + 59. Suppose -5*a - 5*l + 60 = 0, -3*a + 0*l + 3*l + 48 = 0. Calculate the highest common factor of z and a.
14
Let y = 9 - 3. Let b be 5*15*2/y. What is the greatest common divisor of b and 75?
25
Let l be 1/(-1 - 6/(-5)). Suppose 0 = -3*v, -l*p - 14 = v + 6. Let k = p - -5. What is the highest common divisor of 1 and k?
1
Let a = -31 + 107. Suppose 0 = -5*q + q - a. Let r = q - -28. Calculate the highest common divisor of 99 and r.
9
Let a be (-1 - -1 - -4)*4/8. Calculate the highest common divisor of 22 and a.
2
Suppose -2*d + 3*m + 2 + 26 = 0, -4*d + 56 = -2*m. Calculate the highest common factor of d and 98.
14
Suppose 0 = 6*m - 4*m - 56. Let w(o) = -o**3 + 6*o**2 - 2*o - 11. Let q be w(5). Calculate the greatest common divisor of m and q.
4
Let p be (28/(-35))/((-2)/10). Suppose 0 = -2*d + p*d - 40. Suppose -k - 3*s - 69 = -3*k, k - 24 = -2*s. Calculate the greatest common divisor of k and d.
10
Let d(t) = 5*t**2 - 4*t + 2. Let w be d(2). Suppose -c - 14 = -2*c. What is the highest common divisor of c and w?
14
Suppose -4*y = y - 20. Suppose 1 - y = -3*t. What is the highest common factor of t and 1?
1
Let v be (-4)/4 - 4/(-2). Let i be 1*2 - (v + -15). What is the greatest common factor of 8 and i?
8
Suppose -k = 2*k - 3*l - 300, -l + 494 = 5*k. Let o be (-7)/(-3) - (-2)/3. Suppose -o*b = -4*b + 11. What is the highest common divisor of k and b?
11
Let r(i) = 9*i**2. Let q be r(1). Suppose -t - 327 = -5*t - 3*s, -2*t - 3*s + 165 = 0. Calculate the greatest common factor of t and q.
9
Suppose 3*s = 1 + 14. Let a be 152/s + 10/(-25). Calculate the highest common factor of 6 and a.
6
Let s(j) = j**3 + 3*j**2 - 6*j - 6. Let h = 13 + -17. Let l be s(h). What is the highest common factor of 8 and l?
2
Let d(u) = 3*u - 7. Let j be d(3). Suppose -k - v = 3*k - 89, 10 = j*v. Calculate the greatest common factor of 7 and k.
7
Let k be (3/5)/((-1)/(-15)). What is the highest common divisor of k and 45?
9
Suppose -3*w + 12 = 3. Suppose r = -0*r + 19. Suppose -w*z + 3 = 0, d = -z + 10 + r. Calculate the greatest common divisor of 14 and d.
14
Let b(y) = -y + 13. Let w be b(11). What is the highest common factor of 1 and w?
1
Let l be (-4)/10*-5 - -28. Calculate the greatest common divisor of l